{"id":2717,"date":"2023-11-20T09:00:15","date_gmt":"2023-11-20T09:00:15","guid":{"rendered":"https:\/\/www.ondasdejazz.com\/?post_type=artista&#038;p=2717"},"modified":"2023-11-28T07:39:11","modified_gmt":"2023-11-28T07:39:11","slug":"all-day-breakfast-cafe-20-02-24","status":"publish","type":"artista","link":"https:\/\/www.ondasdejazz.com\/es\/artista\/all-day-breakfast-cafe-20-02-24\/","title":{"rendered":"ALL DAY BREAKFAST CAF\u00c9 &#8211; 20\/02\/24"},"content":{"rendered":"\n<p><strong>All Day Breakfast Cafe<\/strong> Deslumbra con su Nuevo Sencillo \u00abHave You Seen This Queen\u00bb<\/p>\n\n\n\n<p>La banda brit\u00e1nica All Day Breakfast Cafe ha lanzado su m\u00e1s reciente sencillo, \u00abHave You Seen This Queen\u00bb, una joya musical que fusiona g\u00e9neros como Nu Jazz, Jazztronica, Funk y Disco. Desde los primeros acordes, esta pista irradia una energ\u00eda alegre que invita al movimiento del cuerpo de manera irresistible.<\/p>\n\n\n\n<p>Lo distintivo de esta canci\u00f3n va m\u00e1s all\u00e1 de su ritmo pegajoso; su calidad vocal y sonido amigable son el anzuelo perfecto para cautivar a los oyentes. El tema, ideal para el verano, destaca por su frescura y accesibilidad. Un detalle notable es que todas las personas involucradas en este proyecto, desde las integrantes de la banda hasta la ingeniera de estudio, son mujeres o queer, resaltando la diversidad y representaci\u00f3n en la industria musical.<\/p>\n\n\n\n<p>La letra de la canci\u00f3n gira en torno al amor por las amistades femeninas y celebra de manera sutil la comunidad queer. Destaca la participaci\u00f3n de la talentosa multiinstrumentista Roella Oloro en las teclas, quien ofrece un impresionante solo que evoca la maestr\u00eda de Patrice Rushen.<\/p>\n\n\n\n<p>All Day Breakfast Cafe, compuesta por siete talentosas mujeres, se ha consolidado como la banda disco favorita del sur de Londres. Su amor por leyendas como Chaka Khan, Earth, Wind &amp; Fire, Art Blakey y Ella Fitzgerald se refleja en su m\u00fasica. Surgieron durante el confinamiento de 2020 y lanzaron su EP debut \u00abBuilder\u2019s Brew\u00bb en 2021, una obra que rinde homenaje al \u00e1lbum de jazz psicod\u00e9lico \u00abBitches Brew\u00bb de Miles Davis.<\/p>\n\n\n\n<p>La banda ha cosechado \u00e9xitos y reconocimientos, siendo entrevistada en NPR, BBC Radio London y Jazz FM, y contando con el respaldo de destacados cr\u00edticos y programas de radio. Sus pistas han sido destacadas en listas de reproducci\u00f3n editoriales de Spotify, y su presencia en medios incluye publicaciones en Earmilk, Wordplay, Melodic Distraction y Get In Her Ears. En el escenario, All Day Breakfast Cafe ha animado festivales como Wilderness, Standon Calling y London Jazz Festival, llevando la fiesta con juegos tem\u00e1ticos de desayuno.<\/p>\n\n\n\n<p>Con una misi\u00f3n clara de difundir la alegr\u00eda disco y hacer que todos bailen, All Day Breakfast Cafe contin\u00faa dejando su huella en la escena musical con su singular mezcla de g\u00e9neros y su compromiso con la diversidad. \u00abHave You Seen This Queen\u00bb es la \u00faltima muestra de su capacidad para cautivar a la audiencia y mantener viva la esencia del disco.<\/p>\n\n\n\n<div style=\"height:100px\" aria-hidden=\"true\" class=\"wp-block-spacer\"><\/div>\n\n\n\n<figure class=\"wp-block-embed is-type-video is-provider-youtube wp-block-embed-youtube wp-embed-aspect-16-9 wp-has-aspect-ratio\"><div class=\"wp-block-embed__wrapper\">\n<iframe loading=\"lazy\" title=\"All Day Breakfast Cafe - Have You Seen This Queen? (BBC Introducing at The Great Get Together 2022)\" width=\"1080\" height=\"608\" src=\"https:\/\/www.youtube.com\/embed\/BKG6VbrJkTk?feature=oembed\"  allow=\"accelerometer; autoplay; clipboard-write; encrypted-media; gyroscope; picture-in-picture; web-share\" allowfullscreen><\/iframe>\n<\/div><\/figure>\n","protected":false},"excerpt":{"rendered":"<p>All Day Breakfast Cafe Deslumbra con su Nuevo Sencillo \u00abHave You Seen This Queen\u00bb La banda brit\u00e1nica All Day Breakfast Cafe ha lanzado su m\u00e1s reciente sencillo, \u00abHave You Seen This Queen\u00bb, una joya musical que fusiona g\u00e9neros como Nu Jazz, Jazztronica, Funk y Disco. Desde los primeros acordes, esta pista irradia una energ\u00eda alegre [&hellip;]<\/p>\n","protected":false},"featured_media":2718,"template":"","categories":[79],"class_list":["post-2717","artista","type-artista","status-publish","has-post-thumbnail","hentry","category-2023-2024"],"acf":[],"yoast_head":"<!-- This site is optimized with the Yoast SEO plugin v27.5 - https:\/\/yoast.com\/product\/yoast-seo-wordpress\/ -->\n<title>ALL DAY BREAKFAST CAF\u00c9 - 20\/02\/24 - Ondas de Jazz<\/title>\n<meta name=\"robots\" content=\"index, follow, max-snippet:-1, max-image-preview:large, max-video-preview:-1\" \/>\n<link rel=\"canonical\" href=\"https:\/\/www.ondasdejazz.com\/es\/artista\/all-day-breakfast-cafe-20-02-24\/\" \/>\n<meta property=\"og:locale\" content=\"es_ES\" \/>\n<meta property=\"og:type\" content=\"article\" \/>\n<meta property=\"og:title\" content=\"ALL DAY BREAKFAST CAF\u00c9 - 20\/02\/24 - Ondas de Jazz\" \/>\n<meta property=\"og:description\" content=\"All Day Breakfast Cafe Deslumbra con su Nuevo Sencillo \u00abHave You Seen This Queen\u00bb La banda brit\u00e1nica All Day Breakfast Cafe ha lanzado su m\u00e1s reciente sencillo, \u00abHave You Seen This Queen\u00bb, una joya musical que fusiona g\u00e9neros como Nu Jazz, Jazztronica, Funk y Disco. Desde los primeros acordes, esta pista irradia una energ\u00eda alegre [&hellip;]\" \/>\n<meta property=\"og:url\" content=\"https:\/\/www.ondasdejazz.com\/es\/artista\/all-day-breakfast-cafe-20-02-24\/\" \/>\n<meta property=\"og:site_name\" content=\"Ondas de Jazz\" \/>\n<meta property=\"article:modified_time\" content=\"2023-11-28T07:39:11+00:00\" \/>\n<meta property=\"og:image\" content=\"https:\/\/www.ondasdejazz.com\/wp-content\/uploads\/2023\/11\/all_day_20_2.jpeg\" \/>\n\t<meta property=\"og:image:width\" content=\"1599\" \/>\n\t<meta property=\"og:image:height\" content=\"1080\" \/>\n\t<meta property=\"og:image:type\" content=\"image\/jpeg\" \/>\n<meta name=\"twitter:card\" content=\"summary_large_image\" \/>\n<meta name=\"twitter:label1\" content=\"Tiempo de lectura\" \/>\n\t<meta name=\"twitter:data1\" content=\"2 minutos\" \/>\n<script type=\"application\/ld+json\" class=\"yoast-schema-graph\">{\"@context\":\"https:\\\/\\\/schema.org\",\"@graph\":[{\"@type\":\"WebPage\",\"@id\":\"https:\\\/\\\/www.ondasdejazz.com\\\/es\\\/artista\\\/all-day-breakfast-cafe-20-02-24\\\/\",\"url\":\"https:\\\/\\\/www.ondasdejazz.com\\\/es\\\/artista\\\/all-day-breakfast-cafe-20-02-24\\\/\",\"name\":\"ALL DAY BREAKFAST CAF\u00c9 - 20\\\/02\\\/24 - Ondas de Jazz\",\"isPartOf\":{\"@id\":\"https:\\\/\\\/www.ondasdejazz.com\\\/es\\\/#website\"},\"primaryImageOfPage\":{\"@id\":\"https:\\\/\\\/www.ondasdejazz.com\\\/es\\\/artista\\\/all-day-breakfast-cafe-20-02-24\\\/#primaryimage\"},\"image\":{\"@id\":\"https:\\\/\\\/www.ondasdejazz.com\\\/es\\\/artista\\\/all-day-breakfast-cafe-20-02-24\\\/#primaryimage\"},\"thumbnailUrl\":\"https:\\\/\\\/www.ondasdejazz.com\\\/wp-content\\\/uploads\\\/2023\\\/11\\\/all_day_20_2.jpeg\",\"datePublished\":\"2023-11-20T09:00:15+00:00\",\"dateModified\":\"2023-11-28T07:39:11+00:00\",\"breadcrumb\":{\"@id\":\"https:\\\/\\\/www.ondasdejazz.com\\\/es\\\/artista\\\/all-day-breakfast-cafe-20-02-24\\\/#breadcrumb\"},\"inLanguage\":\"es\",\"potentialAction\":[{\"@type\":\"ReadAction\",\"target\":[\"https:\\\/\\\/www.ondasdejazz.com\\\/es\\\/artista\\\/all-day-breakfast-cafe-20-02-24\\\/\"]}]},{\"@type\":\"ImageObject\",\"inLanguage\":\"es\",\"@id\":\"https:\\\/\\\/www.ondasdejazz.com\\\/es\\\/artista\\\/all-day-breakfast-cafe-20-02-24\\\/#primaryimage\",\"url\":\"https:\\\/\\\/www.ondasdejazz.com\\\/wp-content\\\/uploads\\\/2023\\\/11\\\/all_day_20_2.jpeg\",\"contentUrl\":\"https:\\\/\\\/www.ondasdejazz.com\\\/wp-content\\\/uploads\\\/2023\\\/11\\\/all_day_20_2.jpeg\",\"width\":1599,\"height\":1080},{\"@type\":\"BreadcrumbList\",\"@id\":\"https:\\\/\\\/www.ondasdejazz.com\\\/es\\\/artista\\\/all-day-breakfast-cafe-20-02-24\\\/#breadcrumb\",\"itemListElement\":[{\"@type\":\"ListItem\",\"position\":1,\"name\":\"Portada\",\"item\":\"https:\\\/\\\/www.ondasdejazz.com\\\/es\\\/inicio-asd32ewteq23\\\/\"},{\"@type\":\"ListItem\",\"position\":2,\"name\":\"ALL DAY BREAKFAST CAF\u00c9 &#8211; 20\\\/02\\\/24\"}]},{\"@type\":\"WebSite\",\"@id\":\"https:\\\/\\\/www.ondasdejazz.com\\\/es\\\/#website\",\"url\":\"https:\\\/\\\/www.ondasdejazz.com\\\/es\\\/\",\"name\":\"Ondas de Jazz\",\"description\":\"Ondas de Jazz en la Ciudad\",\"potentialAction\":[{\"@type\":\"SearchAction\",\"target\":{\"@type\":\"EntryPoint\",\"urlTemplate\":\"https:\\\/\\\/www.ondasdejazz.com\\\/es\\\/?s={search_term_string}\"},\"query-input\":{\"@type\":\"PropertyValueSpecification\",\"valueRequired\":true,\"valueName\":\"search_term_string\"}}],\"inLanguage\":\"es\"}]}<\/script>\n<!-- \/ Yoast SEO plugin. -->","yoast_head_json":{"title":"ALL DAY BREAKFAST CAF\u00c9 - 20\/02\/24 - Ondas de Jazz","robots":{"index":"index","follow":"follow","max-snippet":"max-snippet:-1","max-image-preview":"max-image-preview:large","max-video-preview":"max-video-preview:-1"},"canonical":"https:\/\/www.ondasdejazz.com\/es\/artista\/all-day-breakfast-cafe-20-02-24\/","og_locale":"es_ES","og_type":"article","og_title":"ALL DAY BREAKFAST CAF\u00c9 - 20\/02\/24 - Ondas de Jazz","og_description":"All Day Breakfast Cafe Deslumbra con su Nuevo Sencillo \u00abHave You Seen This Queen\u00bb La banda brit\u00e1nica All Day Breakfast Cafe ha lanzado su m\u00e1s reciente sencillo, \u00abHave You Seen This Queen\u00bb, una joya musical que fusiona g\u00e9neros como Nu Jazz, Jazztronica, Funk y Disco. Desde los primeros acordes, esta pista irradia una energ\u00eda alegre [&hellip;]","og_url":"https:\/\/www.ondasdejazz.com\/es\/artista\/all-day-breakfast-cafe-20-02-24\/","og_site_name":"Ondas de Jazz","article_modified_time":"2023-11-28T07:39:11+00:00","og_image":[{"width":1599,"height":1080,"url":"https:\/\/www.ondasdejazz.com\/wp-content\/uploads\/2023\/11\/all_day_20_2.jpeg","type":"image\/jpeg"}],"twitter_card":"summary_large_image","twitter_misc":{"Tiempo de lectura":"2 minutos"},"schema":{"@context":"https:\/\/schema.org","@graph":[{"@type":"WebPage","@id":"https:\/\/www.ondasdejazz.com\/es\/artista\/all-day-breakfast-cafe-20-02-24\/","url":"https:\/\/www.ondasdejazz.com\/es\/artista\/all-day-breakfast-cafe-20-02-24\/","name":"ALL DAY BREAKFAST CAF\u00c9 - 20\/02\/24 - Ondas de Jazz","isPartOf":{"@id":"https:\/\/www.ondasdejazz.com\/es\/#website"},"primaryImageOfPage":{"@id":"https:\/\/www.ondasdejazz.com\/es\/artista\/all-day-breakfast-cafe-20-02-24\/#primaryimage"},"image":{"@id":"https:\/\/www.ondasdejazz.com\/es\/artista\/all-day-breakfast-cafe-20-02-24\/#primaryimage"},"thumbnailUrl":"https:\/\/www.ondasdejazz.com\/wp-content\/uploads\/2023\/11\/all_day_20_2.jpeg","datePublished":"2023-11-20T09:00:15+00:00","dateModified":"2023-11-28T07:39:11+00:00","breadcrumb":{"@id":"https:\/\/www.ondasdejazz.com\/es\/artista\/all-day-breakfast-cafe-20-02-24\/#breadcrumb"},"inLanguage":"es","potentialAction":[{"@type":"ReadAction","target":["https:\/\/www.ondasdejazz.com\/es\/artista\/all-day-breakfast-cafe-20-02-24\/"]}]},{"@type":"ImageObject","inLanguage":"es","@id":"https:\/\/www.ondasdejazz.com\/es\/artista\/all-day-breakfast-cafe-20-02-24\/#primaryimage","url":"https:\/\/www.ondasdejazz.com\/wp-content\/uploads\/2023\/11\/all_day_20_2.jpeg","contentUrl":"https:\/\/www.ondasdejazz.com\/wp-content\/uploads\/2023\/11\/all_day_20_2.jpeg","width":1599,"height":1080},{"@type":"BreadcrumbList","@id":"https:\/\/www.ondasdejazz.com\/es\/artista\/all-day-breakfast-cafe-20-02-24\/#breadcrumb","itemListElement":[{"@type":"ListItem","position":1,"name":"Portada","item":"https:\/\/www.ondasdejazz.com\/es\/inicio-asd32ewteq23\/"},{"@type":"ListItem","position":2,"name":"ALL DAY BREAKFAST CAF\u00c9 &#8211; 20\/02\/24"}]},{"@type":"WebSite","@id":"https:\/\/www.ondasdejazz.com\/es\/#website","url":"https:\/\/www.ondasdejazz.com\/es\/","name":"Ondas de Jazz","description":"Ondas de Jazz en la Ciudad","potentialAction":[{"@type":"SearchAction","target":{"@type":"EntryPoint","urlTemplate":"https:\/\/www.ondasdejazz.com\/es\/?s={search_term_string}"},"query-input":{"@type":"PropertyValueSpecification","valueRequired":true,"valueName":"search_term_string"}}],"inLanguage":"es"}]}},"_links":{"self":[{"href":"https:\/\/www.ondasdejazz.com\/es\/wp-json\/wp\/v2\/artista\/2717","targetHints":{"allow":["GET"]}}],"collection":[{"href":"https:\/\/www.ondasdejazz.com\/es\/wp-json\/wp\/v2\/artista"}],"about":[{"href":"https:\/\/www.ondasdejazz.com\/es\/wp-json\/wp\/v2\/types\/artista"}],"wp:featuredmedia":[{"embeddable":true,"href":"https:\/\/www.ondasdejazz.com\/es\/wp-json\/wp\/v2\/media\/2718"}],"wp:attachment":[{"href":"https:\/\/www.ondasdejazz.com\/es\/wp-json\/wp\/v2\/media?parent=2717"}],"wp:term":[{"taxonomy":"category","embeddable":true,"href":"https:\/\/www.ondasdejazz.com\/es\/wp-json\/wp\/v2\/categories?post=2717"}],"curies":[{"name":"wp","href":"https:\/\/api.w.org\/{rel}","templated":true}]}}

ALL DAY BREAKFAST CAFÉ &#8211; 20/02/24

<p><strong>All Day Breakfast Cafe</strong> Deslumbra con su Nuevo Sencillo «Have You Seen This Queen»</p>



<p>La banda británica All Day Breakfast Cafe ha lanzado su más reciente sencillo, «Have You Seen This Queen», una joya musical que fusiona géneros como Nu Jazz, Jazztronica, Funk y Disco. Desde los primeros acordes, esta pista irradia una energía alegre que invita al movimiento del cuerpo de manera irresistible.</p>



<p>Lo distintivo de esta canción va más allá de su ritmo pegajoso; su calidad vocal y sonido amigable son el anzuelo perfecto para cautivar a los oyentes. El tema, ideal para el verano, destaca por su frescura y accesibilidad. Un detalle notable es que todas las personas involucradas en este proyecto, desde las integrantes de la banda hasta la ingeniera de estudio, son mujeres o queer, resaltando la diversidad y representación en la industria musical.</p>



<p>La letra de la canción gira en torno al amor por las amistades femeninas y celebra de manera sutil la comunidad queer. Destaca la participación de la talentosa multiinstrumentista Roella Oloro en las teclas, quien ofrece un impresionante solo que evoca la maestría de Patrice Rushen.</p>



<p>All Day Breakfast Cafe, compuesta por siete talentosas mujeres, se ha consolidado como la banda disco favorita del sur de Londres. Su amor por leyendas como Chaka Khan, Earth, Wind &amp; Fire, Art Blakey y Ella Fitzgerald se refleja en su música. Surgieron durante el confinamiento de 2020 y lanzaron su EP debut «Builder’s Brew» en 2021, una obra que rinde homenaje al álbum de jazz psicodélico «Bitches Brew» de Miles Davis.</p>



<p>La banda ha cosechado éxitos y reconocimientos, siendo entrevistada en NPR, BBC Radio London y Jazz FM, y contando con el respaldo de destacados críticos y programas de radio. Sus pistas han sido destacadas en listas de reproducción editoriales de Spotify, y su presencia en medios incluye publicaciones en Earmilk, Wordplay, Melodic Distraction y Get In Her Ears. En el escenario, All Day Breakfast Cafe ha animado festivales como Wilderness, Standon Calling y London Jazz Festival, llevando la fiesta con juegos temáticos de desayuno.</p>



<p>Con una misión clara de difundir la alegría disco y hacer que todos bailen, All Day Breakfast Cafe continúa dejando su huella en la escena musical con su singular mezcla de géneros y su compromiso con la diversidad. «Have You Seen This Queen» es la última muestra de su capacidad para cautivar a la audiencia y mantener viva la esencia del disco.</p>



<div style="height:100px" aria-hidden="true" class="wp-block-spacer"></div>



<figure class="wp-block-embed is-type-video is-provider-youtube wp-block-embed-youtube wp-embed-aspect-16-9 wp-has-aspect-ratio"><div class="wp-block-embed__wrapper">
<iframe loading="lazy" title="All Day Breakfast Cafe - Have You Seen This Queen? (BBC Introducing at The Great Get Together 2022)" width="1080" height="608" src="https://www.youtube.com/embed/BKG6VbrJkTk?feature=oembed"  allow="accelerometer; autoplay; clipboard-write; encrypted-media; gyroscope; picture-in-picture; web-share" allowfullscreen></iframe>
</div></figure>

<p>All Day Breakfast Cafe Deslumbra con su Nuevo Sencillo «Have You Seen This Queen» La banda británica All Day Breakfast Cafe ha lanzado su más reciente sencillo, «Have You Seen This Queen», una joya musical que fusiona géneros como Nu Jazz, Jazztronica, Funk y Disco. Desde los primeros acordes, esta pista irradia una energía alegre [&hellip;]</p>

<!-- This site is optimized with the Yoast SEO plugin v27.5 - https://yoast.com/product/yoast-seo-wordpress/ -->
<title>ALL DAY BREAKFAST CAFÉ - 20/02/24 - Ondas de Jazz</title>
<meta name="robots" content="index, follow, max-snippet:-1, max-image-preview:large, max-video-preview:-1" />
<link rel="canonical" href="https://www.ondasdejazz.com/es/artista/all-day-breakfast-cafe-20-02-24/" />
<meta property="og:locale" content="es_ES" />
<meta property="og:type" content="article" />
<meta property="og:title" content="ALL DAY BREAKFAST CAFÉ - 20/02/24 - Ondas de Jazz" />
<meta property="og:description" content="All Day Breakfast Cafe Deslumbra con su Nuevo Sencillo «Have You Seen This Queen» La banda británica All Day Breakfast Cafe ha lanzado su más reciente sencillo, «Have You Seen This Queen», una joya musical que fusiona géneros como Nu Jazz, Jazztronica, Funk y Disco. Desde los primeros acordes, esta pista irradia una energía alegre [&hellip;]" />
<meta property="og:url" content="https://www.ondasdejazz.com/es/artista/all-day-breakfast-cafe-20-02-24/" />
<meta property="og:site_name" content="Ondas de Jazz" />
<meta property="article:modified_time" content="2023-11-28T07:39:11+00:00" />
<meta property="og:image" content="https://www.ondasdejazz.com/wp-content/uploads/2023/11/all_day_20_2.jpeg" />
	<meta property="og:image:width" content="1599" />
	<meta property="og:image:height" content="1080" />
	<meta property="og:image:type" content="image/jpeg" />
<meta name="twitter:card" content="summary_large_image" />
<meta name="twitter:label1" content="Tiempo de lectura" />
	<meta name="twitter:data1" content="2 minutos" />
<script type="application/ld+json" class="yoast-schema-graph">{"@context":"https:\/\/schema.org","@graph":[{"@type":"WebPage","@id":"https:\/\/www.ondasdejazz.com\/es\/artista\/all-day-breakfast-cafe-20-02-24\/","url":"https:\/\/www.ondasdejazz.com\/es\/artista\/all-day-breakfast-cafe-20-02-24\/","name":"ALL DAY BREAKFAST CAFÉ - 20\/02\/24 - Ondas de Jazz","isPartOf":{"@id":"https:\/\/www.ondasdejazz.com\/es\/#website"},"primaryImageOfPage":{"@id":"https:\/\/www.ondasdejazz.com\/es\/artista\/all-day-breakfast-cafe-20-02-24\/#primaryimage"},"image":{"@id":"https:\/\/www.ondasdejazz.com\/es\/artista\/all-day-breakfast-cafe-20-02-24\/#primaryimage"},"thumbnailUrl":"https:\/\/www.ondasdejazz.com\/wp-content\/uploads\/2023\/11\/all_day_20_2.jpeg","datePublished":"2023-11-20T09:00:15+00:00","dateModified":"2023-11-28T07:39:11+00:00","breadcrumb":{"@id":"https:\/\/www.ondasdejazz.com\/es\/artista\/all-day-breakfast-cafe-20-02-24\/#breadcrumb"},"inLanguage":"es","potentialAction":[{"@type":"ReadAction","target":["https:\/\/www.ondasdejazz.com\/es\/artista\/all-day-breakfast-cafe-20-02-24\/"]}]},{"@type":"ImageObject","inLanguage":"es","@id":"https:\/\/www.ondasdejazz.com\/es\/artista\/all-day-breakfast-cafe-20-02-24\/#primaryimage","url":"https:\/\/www.ondasdejazz.com\/wp-content\/uploads\/2023\/11\/all_day_20_2.jpeg","contentUrl":"https:\/\/www.ondasdejazz.com\/wp-content\/uploads\/2023\/11\/all_day_20_2.jpeg","width":1599,"height":1080},{"@type":"BreadcrumbList","@id":"https:\/\/www.ondasdejazz.com\/es\/artista\/all-day-breakfast-cafe-20-02-24\/#breadcrumb","itemListElement":[{"@type":"ListItem","position":1,"name":"Portada","item":"https:\/\/www.ondasdejazz.com\/es\/inicio-asd32ewteq23\/"},{"@type":"ListItem","position":2,"name":"ALL DAY BREAKFAST CAFÉ &#8211; 20\/02\/24"}]},{"@type":"WebSite","@id":"https:\/\/www.ondasdejazz.com\/es\/#website","url":"https:\/\/www.ondasdejazz.com\/es\/","name":"Ondas de Jazz","description":"Ondas de Jazz en la Ciudad","potentialAction":[{"@type":"SearchAction","target":{"@type":"EntryPoint","urlTemplate":"https:\/\/www.ondasdejazz.com\/es\/?s={search_term_string}"},"query-input":{"@type":"PropertyValueSpecification","valueRequired":true,"valueName":"search_term_string"}}],"inLanguage":"es"}]}</script>
<!-- / Yoast SEO plugin. -->

ALL DAY BREAKFAST CAFÉ - 20/02/24 - Ondas de Jazz

All Day Breakfast Cafe Deslumbra con su Nuevo Sencillo «Have You Seen This Queen» La banda británica All Day Breakfast Cafe ha lanzado su más reciente sencillo, «Have You Seen This Queen», una joya musical que fusiona géneros como Nu Jazz, Jazztronica, Funk y Disco. Desde los primeros acordes, esta pista irradia una energía alegre [&hellip;]
