{"id":3667,"date":"2024-09-23T18:04:11","date_gmt":"2024-09-23T18:04:11","guid":{"rendered":"https:\/\/www.ondasdejazz.com\/?post_type=artista&#038;p=3667"},"modified":"2024-09-24T12:08:20","modified_gmt":"2024-09-24T10:08:20","slug":"joyful-gospel-choir-17-12-2024","status":"publish","type":"artista","link":"https:\/\/www.ondasdejazz.com\/es\/artista\/joyful-gospel-choir-17-12-2024\/","title":{"rendered":"JOYFUL GOSPEL CHOIR &#8211; 17\/12\/2024"},"content":{"rendered":"\n<p><strong>Joyful Gospel Choir: El Alma del Gospel Contempor<\/strong><strong>\u00e1<\/strong><strong>neo en Vitoria-Gasteiz<\/strong><\/p>\n\n\n\n<p>El Joyful Gospel Choir de Vitoria-Gasteiz es un destacado representante del gospel contempor\u00e1neo en el norte de Espa\u00f1a. Conformado por 40 cantantes y cinco m\u00fasicos profesionales, el coro ha dejado su marca en importantes escenarios de \u00c1lava, La Rioja, Burgos, Navarra y Cantabria, incluyendo la Sala Clamores en Madrid.<\/p>\n\n\n\n<p>Desde su fundaci\u00f3n, el coro ha participado en eventos y ciclos musicales notables, como el ciclo Ondas de Jazz en el Conservatorio Jes\u00fas Guridi, que culmin\u00f3 con un disco ben\u00e9fico en directo en 2018. Tambi\u00e9n ha llevado su m\u00fasica a festivales como el Manuel Turrillas en Navarra y el Ciclo Vital por \u00c1lava, fusionando tradici\u00f3n e innovaci\u00f3n.<\/p>\n\n\n\n<p>En 2020, el Joyful Gospel Choir lanz\u00f3 su segundo \u00e1lbum, \u00abGospel del Siglo XXI\u00bb, grabado en los Estudios T\u00edo Pete en Bizkaia, que celebra el gospel contempor\u00e1neo con una perspectiva fresca. Adem\u00e1s de su excelencia musical, el coro muestra un fuerte compromiso social al favorecer la participaci\u00f3n de personas en riesgo de exclusi\u00f3n, utilizando la m\u00fasica como un medio para la inclusi\u00f3n y la esperanza.<\/p>\n\n\n\n<p>En resumen, el Joyful Gospel Choir destaca no solo por su talento y pasi\u00f3n, sino tambi\u00e9n por su impacto social, consolid\u00e1ndose como un referente del gospel contempor\u00e1neo en Espa\u00f1a.<\/p>\n\n\n\n<div style=\"height:100px\" aria-hidden=\"true\" class=\"wp-block-spacer\"><\/div>\n\n\n\n<div class=\"wp-block-columns is-layout-flex wp-container-core-columns-is-layout-9d6595d7 wp-block-columns-is-layout-flex\">\n<div class=\"wp-block-column is-layout-flow wp-block-column-is-layout-flow\">\n<figure class=\"wp-block-embed is-type-video is-provider-youtube wp-block-embed-youtube wp-embed-aspect-16-9 wp-has-aspect-ratio\"><div class=\"wp-block-embed__wrapper\">\n<iframe loading=\"lazy\" title=\"EITB1 - Joyful Gospel Choir - Retreta 2024 - &quot;You are good&quot;\" width=\"1080\" height=\"608\" src=\"https:\/\/www.youtube.com\/embed\/glBt3aEyciE?feature=oembed\"  allow=\"accelerometer; autoplay; clipboard-write; encrypted-media; gyroscope; picture-in-picture; web-share\" referrerpolicy=\"strict-origin-when-cross-origin\" allowfullscreen><\/iframe>\n<\/div><\/figure>\n<\/div>\n\n\n\n<div class=\"wp-block-column is-layout-flow wp-block-column-is-layout-flow\">\n<figure class=\"wp-block-embed is-type-video is-provider-youtube wp-block-embed-youtube wp-embed-aspect-16-9 wp-has-aspect-ratio\"><div class=\"wp-block-embed__wrapper\">\n<iframe loading=\"lazy\" title=\"JOYFUL GOSPEL CHOIR -   FAITH\" width=\"1080\" height=\"608\" src=\"https:\/\/www.youtube.com\/embed\/e8wNRbuQHY8?feature=oembed\"  allow=\"accelerometer; autoplay; clipboard-write; encrypted-media; gyroscope; picture-in-picture; web-share\" referrerpolicy=\"strict-origin-when-cross-origin\" allowfullscreen><\/iframe>\n<\/div><\/figure>\n<\/div>\n<\/div>\n","protected":false},"excerpt":{"rendered":"<p>Joyful Gospel Choir: El Alma del Gospel Contempor\u00e1neo en Vitoria-Gasteiz El Joyful Gospel Choir de Vitoria-Gasteiz es un destacado representante del gospel contempor\u00e1neo en el norte de Espa\u00f1a. Conformado por 40 cantantes y cinco m\u00fasicos profesionales, el coro ha dejado su marca en importantes escenarios de \u00c1lava, La Rioja, Burgos, Navarra y Cantabria, incluyendo la [&hellip;]<\/p>\n","protected":false},"featured_media":3686,"template":"","categories":[84],"class_list":["post-3667","artista","type-artista","status-publish","has-post-thumbnail","hentry","category-2024-2025"],"acf":[],"yoast_head":"<!-- This site is optimized with the Yoast SEO plugin v27.5 - https:\/\/yoast.com\/product\/yoast-seo-wordpress\/ -->\n<title>JOYFUL GOSPEL CHOIR - 17\/12\/2024 - Ondas de Jazz<\/title>\n<meta name=\"robots\" content=\"index, follow, max-snippet:-1, max-image-preview:large, max-video-preview:-1\" \/>\n<link rel=\"canonical\" href=\"https:\/\/www.ondasdejazz.com\/es\/artista\/joyful-gospel-choir-17-12-2024\/\" \/>\n<meta property=\"og:locale\" content=\"es_ES\" \/>\n<meta property=\"og:type\" content=\"article\" \/>\n<meta property=\"og:title\" content=\"JOYFUL GOSPEL CHOIR - 17\/12\/2024 - Ondas de Jazz\" \/>\n<meta property=\"og:description\" content=\"Joyful Gospel Choir: El Alma del Gospel Contempor\u00e1neo en Vitoria-Gasteiz El Joyful Gospel Choir de Vitoria-Gasteiz es un destacado representante del gospel contempor\u00e1neo en el norte de Espa\u00f1a. Conformado por 40 cantantes y cinco m\u00fasicos profesionales, el coro ha dejado su marca en importantes escenarios de \u00c1lava, La Rioja, Burgos, Navarra y Cantabria, incluyendo la [&hellip;]\" \/>\n<meta property=\"og:url\" content=\"https:\/\/www.ondasdejazz.com\/es\/artista\/joyful-gospel-choir-17-12-2024\/\" \/>\n<meta property=\"og:site_name\" content=\"Ondas de Jazz\" \/>\n<meta property=\"article:modified_time\" content=\"2024-09-24T10:08:20+00:00\" \/>\n<meta property=\"og:image\" content=\"https:\/\/www.ondasdejazz.com\/wp-content\/uploads\/2024\/09\/JOYFUL_gospel_Choir_17_DIC.jpg\" \/>\n\t<meta property=\"og:image:width\" content=\"1600\" \/>\n\t<meta property=\"og:image:height\" content=\"1066\" \/>\n\t<meta property=\"og:image:type\" content=\"image\/jpeg\" \/>\n<meta name=\"twitter:card\" content=\"summary_large_image\" \/>\n<meta name=\"twitter:label1\" content=\"Tiempo de lectura\" \/>\n\t<meta name=\"twitter:data1\" content=\"2 minutos\" \/>\n<script type=\"application\/ld+json\" class=\"yoast-schema-graph\">{\"@context\":\"https:\\\/\\\/schema.org\",\"@graph\":[{\"@type\":\"WebPage\",\"@id\":\"https:\\\/\\\/www.ondasdejazz.com\\\/es\\\/artista\\\/joyful-gospel-choir-17-12-2024\\\/\",\"url\":\"https:\\\/\\\/www.ondasdejazz.com\\\/es\\\/artista\\\/joyful-gospel-choir-17-12-2024\\\/\",\"name\":\"JOYFUL GOSPEL CHOIR - 17\\\/12\\\/2024 - Ondas de Jazz\",\"isPartOf\":{\"@id\":\"https:\\\/\\\/www.ondasdejazz.com\\\/es\\\/#website\"},\"primaryImageOfPage\":{\"@id\":\"https:\\\/\\\/www.ondasdejazz.com\\\/es\\\/artista\\\/joyful-gospel-choir-17-12-2024\\\/#primaryimage\"},\"image\":{\"@id\":\"https:\\\/\\\/www.ondasdejazz.com\\\/es\\\/artista\\\/joyful-gospel-choir-17-12-2024\\\/#primaryimage\"},\"thumbnailUrl\":\"https:\\\/\\\/www.ondasdejazz.com\\\/wp-content\\\/uploads\\\/2024\\\/09\\\/JOYFUL_gospel_Choir_17_DIC.jpg\",\"datePublished\":\"2024-09-23T18:04:11+00:00\",\"dateModified\":\"2024-09-24T10:08:20+00:00\",\"breadcrumb\":{\"@id\":\"https:\\\/\\\/www.ondasdejazz.com\\\/es\\\/artista\\\/joyful-gospel-choir-17-12-2024\\\/#breadcrumb\"},\"inLanguage\":\"es\",\"potentialAction\":[{\"@type\":\"ReadAction\",\"target\":[\"https:\\\/\\\/www.ondasdejazz.com\\\/es\\\/artista\\\/joyful-gospel-choir-17-12-2024\\\/\"]}]},{\"@type\":\"ImageObject\",\"inLanguage\":\"es\",\"@id\":\"https:\\\/\\\/www.ondasdejazz.com\\\/es\\\/artista\\\/joyful-gospel-choir-17-12-2024\\\/#primaryimage\",\"url\":\"https:\\\/\\\/www.ondasdejazz.com\\\/wp-content\\\/uploads\\\/2024\\\/09\\\/JOYFUL_gospel_Choir_17_DIC.jpg\",\"contentUrl\":\"https:\\\/\\\/www.ondasdejazz.com\\\/wp-content\\\/uploads\\\/2024\\\/09\\\/JOYFUL_gospel_Choir_17_DIC.jpg\",\"width\":1600,\"height\":1066},{\"@type\":\"BreadcrumbList\",\"@id\":\"https:\\\/\\\/www.ondasdejazz.com\\\/es\\\/artista\\\/joyful-gospel-choir-17-12-2024\\\/#breadcrumb\",\"itemListElement\":[{\"@type\":\"ListItem\",\"position\":1,\"name\":\"Portada\",\"item\":\"https:\\\/\\\/www.ondasdejazz.com\\\/es\\\/inicio-asd32ewteq23\\\/\"},{\"@type\":\"ListItem\",\"position\":2,\"name\":\"JOYFUL GOSPEL CHOIR &#8211; 17\\\/12\\\/2024\"}]},{\"@type\":\"WebSite\",\"@id\":\"https:\\\/\\\/www.ondasdejazz.com\\\/es\\\/#website\",\"url\":\"https:\\\/\\\/www.ondasdejazz.com\\\/es\\\/\",\"name\":\"Ondas de Jazz\",\"description\":\"Ondas de Jazz en la Ciudad\",\"potentialAction\":[{\"@type\":\"SearchAction\",\"target\":{\"@type\":\"EntryPoint\",\"urlTemplate\":\"https:\\\/\\\/www.ondasdejazz.com\\\/es\\\/?s={search_term_string}\"},\"query-input\":{\"@type\":\"PropertyValueSpecification\",\"valueRequired\":true,\"valueName\":\"search_term_string\"}}],\"inLanguage\":\"es\"}]}<\/script>\n<!-- \/ Yoast SEO plugin. -->","yoast_head_json":{"title":"JOYFUL GOSPEL CHOIR - 17\/12\/2024 - Ondas de Jazz","robots":{"index":"index","follow":"follow","max-snippet":"max-snippet:-1","max-image-preview":"max-image-preview:large","max-video-preview":"max-video-preview:-1"},"canonical":"https:\/\/www.ondasdejazz.com\/es\/artista\/joyful-gospel-choir-17-12-2024\/","og_locale":"es_ES","og_type":"article","og_title":"JOYFUL GOSPEL CHOIR - 17\/12\/2024 - Ondas de Jazz","og_description":"Joyful Gospel Choir: El Alma del Gospel Contempor\u00e1neo en Vitoria-Gasteiz El Joyful Gospel Choir de Vitoria-Gasteiz es un destacado representante del gospel contempor\u00e1neo en el norte de Espa\u00f1a. Conformado por 40 cantantes y cinco m\u00fasicos profesionales, el coro ha dejado su marca en importantes escenarios de \u00c1lava, La Rioja, Burgos, Navarra y Cantabria, incluyendo la [&hellip;]","og_url":"https:\/\/www.ondasdejazz.com\/es\/artista\/joyful-gospel-choir-17-12-2024\/","og_site_name":"Ondas de Jazz","article_modified_time":"2024-09-24T10:08:20+00:00","og_image":[{"width":1600,"height":1066,"url":"https:\/\/www.ondasdejazz.com\/wp-content\/uploads\/2024\/09\/JOYFUL_gospel_Choir_17_DIC.jpg","type":"image\/jpeg"}],"twitter_card":"summary_large_image","twitter_misc":{"Tiempo de lectura":"2 minutos"},"schema":{"@context":"https:\/\/schema.org","@graph":[{"@type":"WebPage","@id":"https:\/\/www.ondasdejazz.com\/es\/artista\/joyful-gospel-choir-17-12-2024\/","url":"https:\/\/www.ondasdejazz.com\/es\/artista\/joyful-gospel-choir-17-12-2024\/","name":"JOYFUL GOSPEL CHOIR - 17\/12\/2024 - Ondas de Jazz","isPartOf":{"@id":"https:\/\/www.ondasdejazz.com\/es\/#website"},"primaryImageOfPage":{"@id":"https:\/\/www.ondasdejazz.com\/es\/artista\/joyful-gospel-choir-17-12-2024\/#primaryimage"},"image":{"@id":"https:\/\/www.ondasdejazz.com\/es\/artista\/joyful-gospel-choir-17-12-2024\/#primaryimage"},"thumbnailUrl":"https:\/\/www.ondasdejazz.com\/wp-content\/uploads\/2024\/09\/JOYFUL_gospel_Choir_17_DIC.jpg","datePublished":"2024-09-23T18:04:11+00:00","dateModified":"2024-09-24T10:08:20+00:00","breadcrumb":{"@id":"https:\/\/www.ondasdejazz.com\/es\/artista\/joyful-gospel-choir-17-12-2024\/#breadcrumb"},"inLanguage":"es","potentialAction":[{"@type":"ReadAction","target":["https:\/\/www.ondasdejazz.com\/es\/artista\/joyful-gospel-choir-17-12-2024\/"]}]},{"@type":"ImageObject","inLanguage":"es","@id":"https:\/\/www.ondasdejazz.com\/es\/artista\/joyful-gospel-choir-17-12-2024\/#primaryimage","url":"https:\/\/www.ondasdejazz.com\/wp-content\/uploads\/2024\/09\/JOYFUL_gospel_Choir_17_DIC.jpg","contentUrl":"https:\/\/www.ondasdejazz.com\/wp-content\/uploads\/2024\/09\/JOYFUL_gospel_Choir_17_DIC.jpg","width":1600,"height":1066},{"@type":"BreadcrumbList","@id":"https:\/\/www.ondasdejazz.com\/es\/artista\/joyful-gospel-choir-17-12-2024\/#breadcrumb","itemListElement":[{"@type":"ListItem","position":1,"name":"Portada","item":"https:\/\/www.ondasdejazz.com\/es\/inicio-asd32ewteq23\/"},{"@type":"ListItem","position":2,"name":"JOYFUL GOSPEL CHOIR &#8211; 17\/12\/2024"}]},{"@type":"WebSite","@id":"https:\/\/www.ondasdejazz.com\/es\/#website","url":"https:\/\/www.ondasdejazz.com\/es\/","name":"Ondas de Jazz","description":"Ondas de Jazz en la Ciudad","potentialAction":[{"@type":"SearchAction","target":{"@type":"EntryPoint","urlTemplate":"https:\/\/www.ondasdejazz.com\/es\/?s={search_term_string}"},"query-input":{"@type":"PropertyValueSpecification","valueRequired":true,"valueName":"search_term_string"}}],"inLanguage":"es"}]}},"_links":{"self":[{"href":"https:\/\/www.ondasdejazz.com\/es\/wp-json\/wp\/v2\/artista\/3667","targetHints":{"allow":["GET"]}}],"collection":[{"href":"https:\/\/www.ondasdejazz.com\/es\/wp-json\/wp\/v2\/artista"}],"about":[{"href":"https:\/\/www.ondasdejazz.com\/es\/wp-json\/wp\/v2\/types\/artista"}],"wp:featuredmedia":[{"embeddable":true,"href":"https:\/\/www.ondasdejazz.com\/es\/wp-json\/wp\/v2\/media\/3686"}],"wp:attachment":[{"href":"https:\/\/www.ondasdejazz.com\/es\/wp-json\/wp\/v2\/media?parent=3667"}],"wp:term":[{"taxonomy":"category","embeddable":true,"href":"https:\/\/www.ondasdejazz.com\/es\/wp-json\/wp\/v2\/categories?post=3667"}],"curies":[{"name":"wp","href":"https:\/\/api.w.org\/{rel}","templated":true}]}}

<p><strong>Joyful Gospel Choir: El Alma del Gospel Contempor</strong><strong>á</strong><strong>neo en Vitoria-Gasteiz</strong></p>



<p>El Joyful Gospel Choir de Vitoria-Gasteiz es un destacado representante del gospel contemporáneo en el norte de España. Conformado por 40 cantantes y cinco músicos profesionales, el coro ha dejado su marca en importantes escenarios de Álava, La Rioja, Burgos, Navarra y Cantabria, incluyendo la Sala Clamores en Madrid.</p>



<p>Desde su fundación, el coro ha participado en eventos y ciclos musicales notables, como el ciclo Ondas de Jazz en el Conservatorio Jesús Guridi, que culminó con un disco benéfico en directo en 2018. También ha llevado su música a festivales como el Manuel Turrillas en Navarra y el Ciclo Vital por Álava, fusionando tradición e innovación.</p>



<p>En 2020, el Joyful Gospel Choir lanzó su segundo álbum, «Gospel del Siglo XXI», grabado en los Estudios Tío Pete en Bizkaia, que celebra el gospel contemporáneo con una perspectiva fresca. Además de su excelencia musical, el coro muestra un fuerte compromiso social al favorecer la participación de personas en riesgo de exclusión, utilizando la música como un medio para la inclusión y la esperanza.</p>



<p>En resumen, el Joyful Gospel Choir destaca no solo por su talento y pasión, sino también por su impacto social, consolidándose como un referente del gospel contemporáneo en España.</p>



<div style="height:100px" aria-hidden="true" class="wp-block-spacer"></div>



<div class="wp-block-columns is-layout-flex wp-container-core-columns-is-layout-9d6595d7 wp-block-columns-is-layout-flex">
<div class="wp-block-column is-layout-flow wp-block-column-is-layout-flow">
<figure class="wp-block-embed is-type-video is-provider-youtube wp-block-embed-youtube wp-embed-aspect-16-9 wp-has-aspect-ratio"><div class="wp-block-embed__wrapper">
<iframe loading="lazy" title="EITB1 - Joyful Gospel Choir - Retreta 2024 - &quot;You are good&quot;" width="1080" height="608" src="https://www.youtube.com/embed/glBt3aEyciE?feature=oembed"  allow="accelerometer; autoplay; clipboard-write; encrypted-media; gyroscope; picture-in-picture; web-share" referrerpolicy="strict-origin-when-cross-origin" allowfullscreen></iframe>
</div></figure>
</div>



<div class="wp-block-column is-layout-flow wp-block-column-is-layout-flow">
<figure class="wp-block-embed is-type-video is-provider-youtube wp-block-embed-youtube wp-embed-aspect-16-9 wp-has-aspect-ratio"><div class="wp-block-embed__wrapper">
<iframe loading="lazy" title="JOYFUL GOSPEL CHOIR -   FAITH" width="1080" height="608" src="https://www.youtube.com/embed/e8wNRbuQHY8?feature=oembed"  allow="accelerometer; autoplay; clipboard-write; encrypted-media; gyroscope; picture-in-picture; web-share" referrerpolicy="strict-origin-when-cross-origin" allowfullscreen></iframe>
</div></figure>
</div>
</div>

<p>Joyful Gospel Choir: El Alma del Gospel Contemporáneo en Vitoria-Gasteiz El Joyful Gospel Choir de Vitoria-Gasteiz es un destacado representante del gospel contemporáneo en el norte de España. Conformado por 40 cantantes y cinco músicos profesionales, el coro ha dejado su marca en importantes escenarios de Álava, La Rioja, Burgos, Navarra y Cantabria, incluyendo la [&hellip;]</p>

<!-- This site is optimized with the Yoast SEO plugin v27.5 - https://yoast.com/product/yoast-seo-wordpress/ -->
<title>JOYFUL GOSPEL CHOIR - 17/12/2024 - Ondas de Jazz</title>
<meta name="robots" content="index, follow, max-snippet:-1, max-image-preview:large, max-video-preview:-1" />
<link rel="canonical" href="https://www.ondasdejazz.com/es/artista/joyful-gospel-choir-17-12-2024/" />
<meta property="og:locale" content="es_ES" />
<meta property="og:type" content="article" />
<meta property="og:title" content="JOYFUL GOSPEL CHOIR - 17/12/2024 - Ondas de Jazz" />
<meta property="og:description" content="Joyful Gospel Choir: El Alma del Gospel Contemporáneo en Vitoria-Gasteiz El Joyful Gospel Choir de Vitoria-Gasteiz es un destacado representante del gospel contemporáneo en el norte de España. Conformado por 40 cantantes y cinco músicos profesionales, el coro ha dejado su marca en importantes escenarios de Álava, La Rioja, Burgos, Navarra y Cantabria, incluyendo la [&hellip;]" />
<meta property="og:url" content="https://www.ondasdejazz.com/es/artista/joyful-gospel-choir-17-12-2024/" />
<meta property="og:site_name" content="Ondas de Jazz" />
<meta property="article:modified_time" content="2024-09-24T10:08:20+00:00" />
<meta property="og:image" content="https://www.ondasdejazz.com/wp-content/uploads/2024/09/JOYFUL_gospel_Choir_17_DIC.jpg" />
	<meta property="og:image:width" content="1600" />
	<meta property="og:image:height" content="1066" />
	<meta property="og:image:type" content="image/jpeg" />
<meta name="twitter:card" content="summary_large_image" />
<meta name="twitter:label1" content="Tiempo de lectura" />
	<meta name="twitter:data1" content="2 minutos" />
<script type="application/ld+json" class="yoast-schema-graph">{"@context":"https:\/\/schema.org","@graph":[{"@type":"WebPage","@id":"https:\/\/www.ondasdejazz.com\/es\/artista\/joyful-gospel-choir-17-12-2024\/","url":"https:\/\/www.ondasdejazz.com\/es\/artista\/joyful-gospel-choir-17-12-2024\/","name":"JOYFUL GOSPEL CHOIR - 17\/12\/2024 - Ondas de Jazz","isPartOf":{"@id":"https:\/\/www.ondasdejazz.com\/es\/#website"},"primaryImageOfPage":{"@id":"https:\/\/www.ondasdejazz.com\/es\/artista\/joyful-gospel-choir-17-12-2024\/#primaryimage"},"image":{"@id":"https:\/\/www.ondasdejazz.com\/es\/artista\/joyful-gospel-choir-17-12-2024\/#primaryimage"},"thumbnailUrl":"https:\/\/www.ondasdejazz.com\/wp-content\/uploads\/2024\/09\/JOYFUL_gospel_Choir_17_DIC.jpg","datePublished":"2024-09-23T18:04:11+00:00","dateModified":"2024-09-24T10:08:20+00:00","breadcrumb":{"@id":"https:\/\/www.ondasdejazz.com\/es\/artista\/joyful-gospel-choir-17-12-2024\/#breadcrumb"},"inLanguage":"es","potentialAction":[{"@type":"ReadAction","target":["https:\/\/www.ondasdejazz.com\/es\/artista\/joyful-gospel-choir-17-12-2024\/"]}]},{"@type":"ImageObject","inLanguage":"es","@id":"https:\/\/www.ondasdejazz.com\/es\/artista\/joyful-gospel-choir-17-12-2024\/#primaryimage","url":"https:\/\/www.ondasdejazz.com\/wp-content\/uploads\/2024\/09\/JOYFUL_gospel_Choir_17_DIC.jpg","contentUrl":"https:\/\/www.ondasdejazz.com\/wp-content\/uploads\/2024\/09\/JOYFUL_gospel_Choir_17_DIC.jpg","width":1600,"height":1066},{"@type":"BreadcrumbList","@id":"https:\/\/www.ondasdejazz.com\/es\/artista\/joyful-gospel-choir-17-12-2024\/#breadcrumb","itemListElement":[{"@type":"ListItem","position":1,"name":"Portada","item":"https:\/\/www.ondasdejazz.com\/es\/inicio-asd32ewteq23\/"},{"@type":"ListItem","position":2,"name":"JOYFUL GOSPEL CHOIR &#8211; 17\/12\/2024"}]},{"@type":"WebSite","@id":"https:\/\/www.ondasdejazz.com\/es\/#website","url":"https:\/\/www.ondasdejazz.com\/es\/","name":"Ondas de Jazz","description":"Ondas de Jazz en la Ciudad","potentialAction":[{"@type":"SearchAction","target":{"@type":"EntryPoint","urlTemplate":"https:\/\/www.ondasdejazz.com\/es\/?s={search_term_string}"},"query-input":{"@type":"PropertyValueSpecification","valueRequired":true,"valueName":"search_term_string"}}],"inLanguage":"es"}]}</script>
<!-- / Yoast SEO plugin. -->

Joyful Gospel Choir: El Alma del Gospel Contemporáneo en Vitoria-Gasteiz El Joyful Gospel Choir de Vitoria-Gasteiz es un destacado representante del gospel contemporáneo en el norte de España. Conformado por 40 cantantes y cinco músicos profesionales, el coro ha dejado su marca en importantes escenarios de Álava, La Rioja, Burgos, Navarra y Cantabria, incluyendo la [&hellip;]
