{"id":5000,"date":"2025-11-25T02:00:45","date_gmt":"2025-11-25T01:00:45","guid":{"rendered":"https:\/\/www.ondasdejazz.com\/?post_type=artista&#038;p=5000"},"modified":"2025-11-26T22:32:33","modified_gmt":"2025-11-26T21:32:33","slug":"astrid-canales-14-04-2026","status":"publish","type":"artista","link":"https:\/\/www.ondasdejazz.com\/es\/artista\/astrid-canales-14-04-2026\/","title":{"rendered":"Astrid Canales &#8211; 14\/04\/2026"},"content":{"rendered":"\n<p><strong>La Voz Urbana del Neo-Soul<\/strong><\/p>\n\n\n\n<p>Cantante, compositora, productora, multi-instrumentista y arreglista. Nacida en Ibiza, finaliza estudios superiores de Viola para m\u00fasico de orquesta en Alemania y descubre all\u00ed su pasi\u00f3n por la m\u00fasica moderna (Jazz, Neo-Soul&#8230;) y cambia su rumbo.<\/p>\n\n\n\n<p>En 2020 se asienta en Madrid y comienza su carrera como cantante con su primer single Aye, canci\u00f3n que la establece en la escena del R&amp;B alternativo en Espa\u00f1a. Su calidad como productora, la independencia con la que cuenta como instrumentista, su bagaje cl\u00e1sico como int\u00e9rprete y compositora y su propuesta original utilizando estos g\u00e9neros en castellano, le ubican r\u00e1pidamente en la escena con sus siguientes singles como Altas Horas, Amantes o Tan Salvajes.<\/p>\n\n\n\n<p>Realiza colaboraciones con artistas clave como Escandaloso Xp\u00f3sito, Salvador Sobral, Vic Mirallas o Dano Ziontifik. Colabora como arreglista e instrumentista para artistas como Ralphie Choo, Rusowsky, Queralt Lahoz y muchos m\u00e1s. Recorre las salas m\u00e1s emblem\u00e1ticas de la capital y numerosos festivales de territorio nacional.<\/p>\n\n\n\n<p>Actualmente, presenta su \u00e1lbum EGO.<\/p>\n\n\n\n<p>Un trabajo que mezcla el frescor de los sonidos m\u00e1s actuales desde la producci\u00f3n, pasando por la armon\u00eda jazz, instrumentales con fuerte herencia del Hip Hop y narrativas propias del R&amp;B, Astrid y su banda consiguen transmitir la fuerza de todos estos g\u00e9neros desde un directo joven, en\u00e9rgico y vanguardista.<\/p>\n\n\n\n<div style=\"height:45px\" aria-hidden=\"true\" class=\"wp-block-spacer\"><\/div>\n\n\n\n<div class=\"wp-block-columns is-layout-flex wp-container-core-columns-is-layout-9d6595d7 wp-block-columns-is-layout-flex\">\n<div class=\"wp-block-column is-layout-flow wp-block-column-is-layout-flow\">\n<figure class=\"wp-block-embed is-type-video is-provider-youtube wp-block-embed-youtube wp-embed-aspect-16-9 wp-has-aspect-ratio\"><div class=\"wp-block-embed__wrapper\">\n<iframe loading=\"lazy\" title=\"Astrid Canales - Fuego\" width=\"1080\" height=\"608\" src=\"https:\/\/www.youtube.com\/embed\/VcJsiEaQbKY?feature=oembed\"  allow=\"accelerometer; autoplay; clipboard-write; encrypted-media; gyroscope; picture-in-picture; web-share\" referrerpolicy=\"strict-origin-when-cross-origin\" allowfullscreen><\/iframe>\n<\/div><\/figure>\n<\/div>\n\n\n\n<div class=\"wp-block-column is-layout-flow wp-block-column-is-layout-flow\">\n<figure class=\"wp-block-embed is-type-video is-provider-youtube wp-block-embed-youtube wp-embed-aspect-4-3 wp-has-aspect-ratio\"><div class=\"wp-block-embed__wrapper\">\n<iframe loading=\"lazy\" title=\"VAC\u00cdO\" width=\"1080\" height=\"810\" src=\"https:\/\/www.youtube.com\/embed\/RG20lx0m980?feature=oembed\"  allow=\"accelerometer; autoplay; clipboard-write; encrypted-media; gyroscope; picture-in-picture; web-share\" referrerpolicy=\"strict-origin-when-cross-origin\" allowfullscreen><\/iframe>\n<\/div><\/figure>\n<\/div>\n<\/div>\n","protected":false},"excerpt":{"rendered":"<p>La Voz Urbana del Neo-Soul Cantante, compositora, productora, multi-instrumentista y arreglista. Nacida en Ibiza, finaliza estudios superiores de Viola para m\u00fasico de orquesta en Alemania y descubre all\u00ed su pasi\u00f3n por la m\u00fasica moderna (Jazz, Neo-Soul&#8230;) y cambia su rumbo. En 2020 se asienta en Madrid y comienza su carrera como cantante con su primer [&hellip;]<\/p>\n","protected":false},"featured_media":5010,"template":"","categories":[86],"class_list":["post-5000","artista","type-artista","status-publish","has-post-thumbnail","hentry","category-2025-2026"],"acf":[],"yoast_head":"<!-- This site is optimized with the Yoast SEO plugin v27.5 - https:\/\/yoast.com\/product\/yoast-seo-wordpress\/ -->\n<title>Astrid Canales - 14\/04\/2026 - Ondas de Jazz<\/title>\n<meta name=\"robots\" content=\"index, follow, max-snippet:-1, max-image-preview:large, max-video-preview:-1\" \/>\n<link rel=\"canonical\" href=\"https:\/\/www.ondasdejazz.com\/es\/artista\/astrid-canales-14-04-2026\/\" \/>\n<meta property=\"og:locale\" content=\"es_ES\" \/>\n<meta property=\"og:type\" content=\"article\" \/>\n<meta property=\"og:title\" content=\"Astrid Canales - 14\/04\/2026 - Ondas de Jazz\" \/>\n<meta property=\"og:description\" content=\"La Voz Urbana del Neo-Soul Cantante, compositora, productora, multi-instrumentista y arreglista. Nacida en Ibiza, finaliza estudios superiores de Viola para m\u00fasico de orquesta en Alemania y descubre all\u00ed su pasi\u00f3n por la m\u00fasica moderna (Jazz, Neo-Soul&#8230;) y cambia su rumbo. En 2020 se asienta en Madrid y comienza su carrera como cantante con su primer [&hellip;]\" \/>\n<meta property=\"og:url\" content=\"https:\/\/www.ondasdejazz.com\/es\/artista\/astrid-canales-14-04-2026\/\" \/>\n<meta property=\"og:site_name\" content=\"Ondas de Jazz\" \/>\n<meta property=\"article:modified_time\" content=\"2025-11-26T21:32:33+00:00\" \/>\n<meta property=\"og:image\" content=\"https:\/\/www.ondasdejazz.com\/wp-content\/uploads\/2025\/11\/astrid_canales_14_abr_r.jpg\" \/>\n\t<meta property=\"og:image:width\" content=\"1200\" \/>\n\t<meta property=\"og:image:height\" content=\"640\" \/>\n\t<meta property=\"og:image:type\" content=\"image\/jpeg\" \/>\n<meta name=\"twitter:card\" content=\"summary_large_image\" \/>\n<meta name=\"twitter:label1\" content=\"Tiempo de lectura\" \/>\n\t<meta name=\"twitter:data1\" content=\"2 minutos\" \/>\n<script type=\"application\/ld+json\" class=\"yoast-schema-graph\">{\"@context\":\"https:\\\/\\\/schema.org\",\"@graph\":[{\"@type\":\"WebPage\",\"@id\":\"https:\\\/\\\/www.ondasdejazz.com\\\/es\\\/artista\\\/astrid-canales-14-04-2026\\\/\",\"url\":\"https:\\\/\\\/www.ondasdejazz.com\\\/es\\\/artista\\\/astrid-canales-14-04-2026\\\/\",\"name\":\"Astrid Canales - 14\\\/04\\\/2026 - Ondas de Jazz\",\"isPartOf\":{\"@id\":\"https:\\\/\\\/www.ondasdejazz.com\\\/es\\\/#website\"},\"primaryImageOfPage\":{\"@id\":\"https:\\\/\\\/www.ondasdejazz.com\\\/es\\\/artista\\\/astrid-canales-14-04-2026\\\/#primaryimage\"},\"image\":{\"@id\":\"https:\\\/\\\/www.ondasdejazz.com\\\/es\\\/artista\\\/astrid-canales-14-04-2026\\\/#primaryimage\"},\"thumbnailUrl\":\"https:\\\/\\\/www.ondasdejazz.com\\\/wp-content\\\/uploads\\\/2025\\\/11\\\/astrid_canales_14_abr_r.jpg\",\"datePublished\":\"2025-11-25T01:00:45+00:00\",\"dateModified\":\"2025-11-26T21:32:33+00:00\",\"breadcrumb\":{\"@id\":\"https:\\\/\\\/www.ondasdejazz.com\\\/es\\\/artista\\\/astrid-canales-14-04-2026\\\/#breadcrumb\"},\"inLanguage\":\"es\",\"potentialAction\":[{\"@type\":\"ReadAction\",\"target\":[\"https:\\\/\\\/www.ondasdejazz.com\\\/es\\\/artista\\\/astrid-canales-14-04-2026\\\/\"]}]},{\"@type\":\"ImageObject\",\"inLanguage\":\"es\",\"@id\":\"https:\\\/\\\/www.ondasdejazz.com\\\/es\\\/artista\\\/astrid-canales-14-04-2026\\\/#primaryimage\",\"url\":\"https:\\\/\\\/www.ondasdejazz.com\\\/wp-content\\\/uploads\\\/2025\\\/11\\\/astrid_canales_14_abr_r.jpg\",\"contentUrl\":\"https:\\\/\\\/www.ondasdejazz.com\\\/wp-content\\\/uploads\\\/2025\\\/11\\\/astrid_canales_14_abr_r.jpg\",\"width\":1200,\"height\":640},{\"@type\":\"BreadcrumbList\",\"@id\":\"https:\\\/\\\/www.ondasdejazz.com\\\/es\\\/artista\\\/astrid-canales-14-04-2026\\\/#breadcrumb\",\"itemListElement\":[{\"@type\":\"ListItem\",\"position\":1,\"name\":\"Portada\",\"item\":\"https:\\\/\\\/www.ondasdejazz.com\\\/es\\\/inicio-asd32ewteq23\\\/\"},{\"@type\":\"ListItem\",\"position\":2,\"name\":\"Astrid Canales &#8211; 14\\\/04\\\/2026\"}]},{\"@type\":\"WebSite\",\"@id\":\"https:\\\/\\\/www.ondasdejazz.com\\\/es\\\/#website\",\"url\":\"https:\\\/\\\/www.ondasdejazz.com\\\/es\\\/\",\"name\":\"Ondas de Jazz\",\"description\":\"Ondas de Jazz en la Ciudad\",\"potentialAction\":[{\"@type\":\"SearchAction\",\"target\":{\"@type\":\"EntryPoint\",\"urlTemplate\":\"https:\\\/\\\/www.ondasdejazz.com\\\/es\\\/?s={search_term_string}\"},\"query-input\":{\"@type\":\"PropertyValueSpecification\",\"valueRequired\":true,\"valueName\":\"search_term_string\"}}],\"inLanguage\":\"es\"}]}<\/script>\n<!-- \/ Yoast SEO plugin. -->","yoast_head_json":{"title":"Astrid Canales - 14\/04\/2026 - Ondas de Jazz","robots":{"index":"index","follow":"follow","max-snippet":"max-snippet:-1","max-image-preview":"max-image-preview:large","max-video-preview":"max-video-preview:-1"},"canonical":"https:\/\/www.ondasdejazz.com\/es\/artista\/astrid-canales-14-04-2026\/","og_locale":"es_ES","og_type":"article","og_title":"Astrid Canales - 14\/04\/2026 - Ondas de Jazz","og_description":"La Voz Urbana del Neo-Soul Cantante, compositora, productora, multi-instrumentista y arreglista. Nacida en Ibiza, finaliza estudios superiores de Viola para m\u00fasico de orquesta en Alemania y descubre all\u00ed su pasi\u00f3n por la m\u00fasica moderna (Jazz, Neo-Soul&#8230;) y cambia su rumbo. En 2020 se asienta en Madrid y comienza su carrera como cantante con su primer [&hellip;]","og_url":"https:\/\/www.ondasdejazz.com\/es\/artista\/astrid-canales-14-04-2026\/","og_site_name":"Ondas de Jazz","article_modified_time":"2025-11-26T21:32:33+00:00","og_image":[{"width":1200,"height":640,"url":"https:\/\/www.ondasdejazz.com\/wp-content\/uploads\/2025\/11\/astrid_canales_14_abr_r.jpg","type":"image\/jpeg"}],"twitter_card":"summary_large_image","twitter_misc":{"Tiempo de lectura":"2 minutos"},"schema":{"@context":"https:\/\/schema.org","@graph":[{"@type":"WebPage","@id":"https:\/\/www.ondasdejazz.com\/es\/artista\/astrid-canales-14-04-2026\/","url":"https:\/\/www.ondasdejazz.com\/es\/artista\/astrid-canales-14-04-2026\/","name":"Astrid Canales - 14\/04\/2026 - Ondas de Jazz","isPartOf":{"@id":"https:\/\/www.ondasdejazz.com\/es\/#website"},"primaryImageOfPage":{"@id":"https:\/\/www.ondasdejazz.com\/es\/artista\/astrid-canales-14-04-2026\/#primaryimage"},"image":{"@id":"https:\/\/www.ondasdejazz.com\/es\/artista\/astrid-canales-14-04-2026\/#primaryimage"},"thumbnailUrl":"https:\/\/www.ondasdejazz.com\/wp-content\/uploads\/2025\/11\/astrid_canales_14_abr_r.jpg","datePublished":"2025-11-25T01:00:45+00:00","dateModified":"2025-11-26T21:32:33+00:00","breadcrumb":{"@id":"https:\/\/www.ondasdejazz.com\/es\/artista\/astrid-canales-14-04-2026\/#breadcrumb"},"inLanguage":"es","potentialAction":[{"@type":"ReadAction","target":["https:\/\/www.ondasdejazz.com\/es\/artista\/astrid-canales-14-04-2026\/"]}]},{"@type":"ImageObject","inLanguage":"es","@id":"https:\/\/www.ondasdejazz.com\/es\/artista\/astrid-canales-14-04-2026\/#primaryimage","url":"https:\/\/www.ondasdejazz.com\/wp-content\/uploads\/2025\/11\/astrid_canales_14_abr_r.jpg","contentUrl":"https:\/\/www.ondasdejazz.com\/wp-content\/uploads\/2025\/11\/astrid_canales_14_abr_r.jpg","width":1200,"height":640},{"@type":"BreadcrumbList","@id":"https:\/\/www.ondasdejazz.com\/es\/artista\/astrid-canales-14-04-2026\/#breadcrumb","itemListElement":[{"@type":"ListItem","position":1,"name":"Portada","item":"https:\/\/www.ondasdejazz.com\/es\/inicio-asd32ewteq23\/"},{"@type":"ListItem","position":2,"name":"Astrid Canales &#8211; 14\/04\/2026"}]},{"@type":"WebSite","@id":"https:\/\/www.ondasdejazz.com\/es\/#website","url":"https:\/\/www.ondasdejazz.com\/es\/","name":"Ondas de Jazz","description":"Ondas de Jazz en la Ciudad","potentialAction":[{"@type":"SearchAction","target":{"@type":"EntryPoint","urlTemplate":"https:\/\/www.ondasdejazz.com\/es\/?s={search_term_string}"},"query-input":{"@type":"PropertyValueSpecification","valueRequired":true,"valueName":"search_term_string"}}],"inLanguage":"es"}]}},"_links":{"self":[{"href":"https:\/\/www.ondasdejazz.com\/es\/wp-json\/wp\/v2\/artista\/5000","targetHints":{"allow":["GET"]}}],"collection":[{"href":"https:\/\/www.ondasdejazz.com\/es\/wp-json\/wp\/v2\/artista"}],"about":[{"href":"https:\/\/www.ondasdejazz.com\/es\/wp-json\/wp\/v2\/types\/artista"}],"wp:featuredmedia":[{"embeddable":true,"href":"https:\/\/www.ondasdejazz.com\/es\/wp-json\/wp\/v2\/media\/5010"}],"wp:attachment":[{"href":"https:\/\/www.ondasdejazz.com\/es\/wp-json\/wp\/v2\/media?parent=5000"}],"wp:term":[{"taxonomy":"category","embeddable":true,"href":"https:\/\/www.ondasdejazz.com\/es\/wp-json\/wp\/v2\/categories?post=5000"}],"curies":[{"name":"wp","href":"https:\/\/api.w.org\/{rel}","templated":true}]}}

<p><strong>La Voz Urbana del Neo-Soul</strong></p>



<p>Cantante, compositora, productora, multi-instrumentista y arreglista. Nacida en Ibiza, finaliza estudios superiores de Viola para músico de orquesta en Alemania y descubre allí su pasión por la música moderna (Jazz, Neo-Soul&#8230;) y cambia su rumbo.</p>



<p>En 2020 se asienta en Madrid y comienza su carrera como cantante con su primer single Aye, canción que la establece en la escena del R&amp;B alternativo en España. Su calidad como productora, la independencia con la que cuenta como instrumentista, su bagaje clásico como intérprete y compositora y su propuesta original utilizando estos géneros en castellano, le ubican rápidamente en la escena con sus siguientes singles como Altas Horas, Amantes o Tan Salvajes.</p>



<p>Realiza colaboraciones con artistas clave como Escandaloso Xpósito, Salvador Sobral, Vic Mirallas o Dano Ziontifik. Colabora como arreglista e instrumentista para artistas como Ralphie Choo, Rusowsky, Queralt Lahoz y muchos más. Recorre las salas más emblemáticas de la capital y numerosos festivales de territorio nacional.</p>



<p>Actualmente, presenta su álbum EGO.</p>



<p>Un trabajo que mezcla el frescor de los sonidos más actuales desde la producción, pasando por la armonía jazz, instrumentales con fuerte herencia del Hip Hop y narrativas propias del R&amp;B, Astrid y su banda consiguen transmitir la fuerza de todos estos géneros desde un directo joven, enérgico y vanguardista.</p>



<div style="height:45px" aria-hidden="true" class="wp-block-spacer"></div>



<div class="wp-block-columns is-layout-flex wp-container-core-columns-is-layout-9d6595d7 wp-block-columns-is-layout-flex">
<div class="wp-block-column is-layout-flow wp-block-column-is-layout-flow">
<figure class="wp-block-embed is-type-video is-provider-youtube wp-block-embed-youtube wp-embed-aspect-16-9 wp-has-aspect-ratio"><div class="wp-block-embed__wrapper">
<iframe loading="lazy" title="Astrid Canales - Fuego" width="1080" height="608" src="https://www.youtube.com/embed/VcJsiEaQbKY?feature=oembed"  allow="accelerometer; autoplay; clipboard-write; encrypted-media; gyroscope; picture-in-picture; web-share" referrerpolicy="strict-origin-when-cross-origin" allowfullscreen></iframe>
</div></figure>
</div>



<div class="wp-block-column is-layout-flow wp-block-column-is-layout-flow">
<figure class="wp-block-embed is-type-video is-provider-youtube wp-block-embed-youtube wp-embed-aspect-4-3 wp-has-aspect-ratio"><div class="wp-block-embed__wrapper">
<iframe loading="lazy" title="VACÍO" width="1080" height="810" src="https://www.youtube.com/embed/RG20lx0m980?feature=oembed"  allow="accelerometer; autoplay; clipboard-write; encrypted-media; gyroscope; picture-in-picture; web-share" referrerpolicy="strict-origin-when-cross-origin" allowfullscreen></iframe>
</div></figure>
</div>
</div>

<p>La Voz Urbana del Neo-Soul Cantante, compositora, productora, multi-instrumentista y arreglista. Nacida en Ibiza, finaliza estudios superiores de Viola para músico de orquesta en Alemania y descubre allí su pasión por la música moderna (Jazz, Neo-Soul&#8230;) y cambia su rumbo. En 2020 se asienta en Madrid y comienza su carrera como cantante con su primer [&hellip;]</p>

<!-- This site is optimized with the Yoast SEO plugin v27.5 - https://yoast.com/product/yoast-seo-wordpress/ -->
<title>Astrid Canales - 14/04/2026 - Ondas de Jazz</title>
<meta name="robots" content="index, follow, max-snippet:-1, max-image-preview:large, max-video-preview:-1" />
<link rel="canonical" href="https://www.ondasdejazz.com/es/artista/astrid-canales-14-04-2026/" />
<meta property="og:locale" content="es_ES" />
<meta property="og:type" content="article" />
<meta property="og:title" content="Astrid Canales - 14/04/2026 - Ondas de Jazz" />
<meta property="og:description" content="La Voz Urbana del Neo-Soul Cantante, compositora, productora, multi-instrumentista y arreglista. Nacida en Ibiza, finaliza estudios superiores de Viola para músico de orquesta en Alemania y descubre allí su pasión por la música moderna (Jazz, Neo-Soul&#8230;) y cambia su rumbo. En 2020 se asienta en Madrid y comienza su carrera como cantante con su primer [&hellip;]" />
<meta property="og:url" content="https://www.ondasdejazz.com/es/artista/astrid-canales-14-04-2026/" />
<meta property="og:site_name" content="Ondas de Jazz" />
<meta property="article:modified_time" content="2025-11-26T21:32:33+00:00" />
<meta property="og:image" content="https://www.ondasdejazz.com/wp-content/uploads/2025/11/astrid_canales_14_abr_r.jpg" />
	<meta property="og:image:width" content="1200" />
	<meta property="og:image:height" content="640" />
	<meta property="og:image:type" content="image/jpeg" />
<meta name="twitter:card" content="summary_large_image" />
<meta name="twitter:label1" content="Tiempo de lectura" />
	<meta name="twitter:data1" content="2 minutos" />
<script type="application/ld+json" class="yoast-schema-graph">{"@context":"https:\/\/schema.org","@graph":[{"@type":"WebPage","@id":"https:\/\/www.ondasdejazz.com\/es\/artista\/astrid-canales-14-04-2026\/","url":"https:\/\/www.ondasdejazz.com\/es\/artista\/astrid-canales-14-04-2026\/","name":"Astrid Canales - 14\/04\/2026 - Ondas de Jazz","isPartOf":{"@id":"https:\/\/www.ondasdejazz.com\/es\/#website"},"primaryImageOfPage":{"@id":"https:\/\/www.ondasdejazz.com\/es\/artista\/astrid-canales-14-04-2026\/#primaryimage"},"image":{"@id":"https:\/\/www.ondasdejazz.com\/es\/artista\/astrid-canales-14-04-2026\/#primaryimage"},"thumbnailUrl":"https:\/\/www.ondasdejazz.com\/wp-content\/uploads\/2025\/11\/astrid_canales_14_abr_r.jpg","datePublished":"2025-11-25T01:00:45+00:00","dateModified":"2025-11-26T21:32:33+00:00","breadcrumb":{"@id":"https:\/\/www.ondasdejazz.com\/es\/artista\/astrid-canales-14-04-2026\/#breadcrumb"},"inLanguage":"es","potentialAction":[{"@type":"ReadAction","target":["https:\/\/www.ondasdejazz.com\/es\/artista\/astrid-canales-14-04-2026\/"]}]},{"@type":"ImageObject","inLanguage":"es","@id":"https:\/\/www.ondasdejazz.com\/es\/artista\/astrid-canales-14-04-2026\/#primaryimage","url":"https:\/\/www.ondasdejazz.com\/wp-content\/uploads\/2025\/11\/astrid_canales_14_abr_r.jpg","contentUrl":"https:\/\/www.ondasdejazz.com\/wp-content\/uploads\/2025\/11\/astrid_canales_14_abr_r.jpg","width":1200,"height":640},{"@type":"BreadcrumbList","@id":"https:\/\/www.ondasdejazz.com\/es\/artista\/astrid-canales-14-04-2026\/#breadcrumb","itemListElement":[{"@type":"ListItem","position":1,"name":"Portada","item":"https:\/\/www.ondasdejazz.com\/es\/inicio-asd32ewteq23\/"},{"@type":"ListItem","position":2,"name":"Astrid Canales &#8211; 14\/04\/2026"}]},{"@type":"WebSite","@id":"https:\/\/www.ondasdejazz.com\/es\/#website","url":"https:\/\/www.ondasdejazz.com\/es\/","name":"Ondas de Jazz","description":"Ondas de Jazz en la Ciudad","potentialAction":[{"@type":"SearchAction","target":{"@type":"EntryPoint","urlTemplate":"https:\/\/www.ondasdejazz.com\/es\/?s={search_term_string}"},"query-input":{"@type":"PropertyValueSpecification","valueRequired":true,"valueName":"search_term_string"}}],"inLanguage":"es"}]}</script>
<!-- / Yoast SEO plugin. -->

La Voz Urbana del Neo-Soul Cantante, compositora, productora, multi-instrumentista y arreglista. Nacida en Ibiza, finaliza estudios superiores de Viola para músico de orquesta en Alemania y descubre allí su pasión por la música moderna (Jazz, Neo-Soul&#8230;) y cambia su rumbo. En 2020 se asienta en Madrid y comienza su carrera como cantante con su primer [&hellip;]
